in base 12?
-397
Convert -e3 (base 16) to base 4.
-3203
What is -62da (base 15) in base 9?
-31607
45a (base 12) to base 11
538
Convert -2112210 (base 3) to base 13.
-acb
What is 551 (base 10) in base 15?
26b
Convert 658 (base 15) to base 5.
21213
What is -1426 (base 12) in base 15?
-a59
What is -22424 (base 5) in base 12?
-b26
What is 1a10 (base 15) in base 7?
22305
Convert -586 (base 10) to base 14.
-2dc
What is -11265 (base 12) in base 16?
-592d
-12102202 (base 3) to base 4
-331322
What is 10010111011 (base 2) in base 14?
627
Convert 183 (base 14) to base 12.
21b
What is -13713 (base 8) in base 9?
-8317
What is -1c7 (base 16) in base 10?
-455
-1100111011010 (base 2) to base 14
-25aa
102222 (base 3) to base 4
11003
What is -36 (base 11) in base 15?
-29
Convert -626 (base 16) to base 8.
-3046
Convert -2022 (base 5) to base 16.
-106
57d (base 15) to base 6
5431
-25222 (base 6) to base 5
-110013
What is -3121444 (base 5) in base 4?
-30210223
Convert -2b75 (base 12) to base 9.
-7028
What is 495 (base 10) in base 8?
757
4452 (base 9) to base 6
23115
What is -1451 (base 8) in base 16?
-329
What is 465a (base 12) in base 13?
3757
Convert -466 (base 8) to base 13.
-1ab
Convert -238 (base 13) to base 2.
-110000001
-a21 (base 12) to base 14
-769
What is -75f (base 16) in base 10?
-1887
-136236 (base 8) to base 16
-bc9e
-1871a (base 11) to base 7
-136155
What is 302304 (base 5) in base 15?
2d1e
-30 (base 4) to base 8
-14
-3020 (base 6) to base 8
-1224
What is -a842 (base 12) in base 4?
-10200302
What is -338 (base 9) in base 4?
-10112
What is 2042 (base 6) in base 8?
712
Convert -8ae6 (base 16) to base 6.
-432342
What is 141022 (base 6) in base 8?
31606
-98a (base 12) to base 2
-10101111010
-57 (base 14) to base 8
-115
Convert 22072 (base 8) to base 11.
6a71
-11214 (base 7) to base 2
-101100100101
Convert -19c (base 13) to base 11.
-251
What is -20789 (base 12) in base 8?
-123131
Convert -341 (base 5) to base 15.
-66
-121233 (base 5) to base 3
-20021012
What is -6318 (base 13) in base 11?
-a334
What is 415c (base 16) in base 9?
24851
Convert 114 (base 6) to base 10.
46
-1602 (base 10) to base 16
-642
404 (base 8) to base 6
1112
Convert -2765 (base 11) to base 8.
-6774
What is 160 (base 14) in base 15?
13a
Convert -26485 (base 9) to base 13.
-81b9
Convert -813 (base 10) to base 4.
-30231
What is -64c (base 15) in base 4?
-112032
22423 (base 5) to base 6
11245
-63b3 (base 13) to base 5
-420320
Convert 397 (base 13) to base 14.
331
Convert 11011110011 (base 2) to base 5.
24104
Convert 132b (base 13) to base 12.
1705
2a3 (base 14) to base 5
4120
Convert 12011 (base 8) to base 3.
21000222
Convert 24f (base 16) to base 3.
210220
Convert -132130 (base 5) to base 12.
-308a
What is -23a0 (base 14) in base 12?
-3720
-52044 (base 6) to base 2
-1101100011100
1303330 (base 4) to base 16
1cfc
Convert -223 (base 13) to base 11.
-304
What is 702 (base 9) in base 3?
210002
What is -10000011000 (base 2) in base 3?
-1102211
-11520 (base 6) to base 16
-6a8
What is -21202 (base 6) in base 2?
-101101000010
Convert -2181 (base 15) to base 12.
-4134
Convert -210132 (base 5) to base 4.
-1230011
-188 (base 14) to base 12
-224
1543 (base 7) to base 5
4434
Convert -2443 (base 7) to base 12.
-641
What is -11b2 (base 12) in base 2?
-11111010110
Convert 1322003 (base 4) to base 8.
17203
What is 1100110111110101 (base 2) in base 4?
30313311
What is -446 (base 9) in base 4?
-11232
Convert -101100000 (base 2) to base 8.
-540
What is 776 (base 9) in base 8?
1174
-30122 (base 4) to base 14
-40a
What is -3335 (base 9) in base 15?
-ae2
1333132 (base 4) to base 15
263d
-317 (base 10) to base 9
-382
What is -15253 (base 6) in base 7?
-10143
What is -2553 (base 6) in base 10?
-645
-645 (base 10) to base 12
-459
7680 (base 14) to base 11
14443
Convert 3a5 (base 15) to base 8.
1476
Convert 40ac (base 13) to base 8.
21342
Convert -421334 (base 5) to base 8.
-33221
Convert -44246 (base 9) to base 3.
-1111021120
What is -280 (base 14) in base 16?
-1f8
What is -14551 (base 7) in base 6?
-30434
What is 5353 (base 6) in base 15?
566
-2a1 (base 15) to base 12
-421
-22000 (base 3) to base 9
-260
What is -4128 (base 10) in base 12?
-2480
Convert -6607 (base 13) to base 2.
-11011101111011
Convert -45ac (base 14) to base 10.
-12108
Convert -40440 (base 6) to base 15.
-18bc
Convert -798 (base 16) to base 8.
-3630
-566 (base 9) to base 10
-465
9a8 (base 12) to base 2
10110010000
What is -93 (base 15) in base 12?
-b6
3002220 (base 4) to base 10
12456
What is 2820 (base 12) in base 2?
1001000011000
10301 (base 6) to base 4
111331
Convert 920 (base 11) to base 12.
787
What is -6531 (base 8) in base 13?
-172b
1001011100111 (base 2) to base 14
1a99
46867 (base 10) to base 7
253432
538 (base 11) to base 10
646
-5112 (base 12) to base 10
-8798
Convert 67a (base 13) to base 12.
78b
What is 100010011101 (base 2) in base 8?
4235
What is -15944 (base 14) in base 6?
-1053452
12012023 (base 4) to base 2
110000110001011
Convert -3352 (base 9) to base 13.
-1187
Convert -11400 (base 5) to base 4.
-31102
What is 8147 (base 11) in base 15?
3315
What is 1946 (base 11) in base 9?
3344
Convert -1179a (base 15) to base 13.
-1c492
Convert -20422 (base 6) to base 14.
-1006
Convert 1184 (base 10) to base 2.
10010100000
What is -62 (base 12) in base 6?
-202
What is 13010 (base 6) in base 11?
1513
Convert 192 (base 14) to base 2.
101000100
-2344 (base 5) to base 3
-110221
What is 245245 (base 6) in base 15?
6762
51 (base 7) to base 9
40
Convert 22012211 (base 3) to base 15.
1b94
-1885a (base 11) to base 8
-63322
What is 1a96 (base 12) in base 11?
2514
What is 12d3 (base 15) in base 12?
23b3
Convert 3526 (base 11) to base 9.
6310
-6a5 (base 15) to base 12
-a55
Convert -21450 (base 7) to base 6.
-40520
What is -1130 (base 8) in base 16?
-258
What is 102 (base 3) in base 5?
21
-665a (base 11) to base 10
-8777
What is 408 (base 9) in base 6?
1312
What is 13553 (base 8) in base 6?
43431
What is 3812 (base 11) in base 9?
6736
Convert -1010100111010101 (base 2) to base 3.
-2012122021
Convert -b8b6 (base 12) to base 9.
-30753
1122201 (base 3) to base 11
9a8
What is -10424 (base 5) in base 8?
-1343
Convert -3880 (base 9) to base 8.
-5533
-8289 (base 10) to base 16
-2061
Convert 21317 (base 9) to base 2.
11011100011110
Convert -4205 (base 7) to base 16.
-5c3
21412 (base 5) to base 3
2000220
-10101001111 (base 2) to base 6
-10143
Convert -115 (base 7) to base 10.
-61
-2002 (base 5) to base 2
-11111100
10634 (base 7) to base 11
2053
237 (base 14) to base 16
1b9
122 (base 11) to base 6
401
What is 428 (base 12) in base 6?
2452
Convert 11300 (base 6) to base 13.
978
666 (base 7) to base 12
246
Convert 7952 (base 10) to base 11.
5a7a
1324 (base 5) to base 4
3112
What is -35535 (base 8) in base 6?
-154205
What is 900 (base 11) in base 3?
1111100
14325 (base 14) to base 5
3100023
What is -5da3 (base 14) in base 10?
-16411
What is 222313 (base 4) in base 5?
41433
Convert -1521 (base 14) to base 8.
-7251
What is 3aa (base 14) in base 16?
2e2
-3131 (base 6) to base 8
-1277
-1230234 (base 5) to base 12
-1194b
Convert -1a39 (base 12) to base 2.
-110010001101
189b (base 13) to base 4
321131
120012 (base 3) to base 10
410
Convert -78b (base 14) to base 7.
-4234
Convert -a6a4 (base 13) to base 5.
-1214433
-7a5 (base 16) to base 12
-1171
Convert -6022 (base 15) to base 4.
-10330322
What is 10a0d (base 15) in base 6?
1044504
-2300302 (base 4) to base 6
-124214
-25713 (base 9) to base 8
-41702
What is -51544 (base 6) in base 7?
-26062
Convert 240 (base 8) to base 2.
10100000
315551 (base 6) to base 5
1312130
-233033 (base 5) to base 15
-27cd
What is -100010101011 (base 2) in base 12?
-134b
Convert 2263 (base 9) to base 2.
11010001101
What is 33b8 (base 13) in base 9?
10844
11512 (base 7) to base 14
1142
Convert 20b2 (base 12) to base 2.
111000000110
-11101 (base 3) to base 15
-7d
5399 (base 12) to base 11
69a4
What is 2153 (base 11) in base 7?
11166
Convert 13047 (base 12) to base 11.
18574
Convert -195aa (base 11) to base 10.
-27345
Convert -2296 (base 13) to base 14.
-1aab
4550 (base 6) to base 16
432
Convert -1097 (base 12) to base 7.
-5242
Convert -221011201 (base 3) to base 9.
-27151
What is -1557 (base 15) in base 12?
-279a
Convert -312321 (base 4) to